Suppose 709*g + 24622 = 711*g. Suppose 0 = 4*h + 2*j - 49208, 116*j - 111*j = -h + g. Is h a prime number?
True
Let i = 249064 + 26277. Is i prime?
False
Let d = -13 + 17. Suppose n = 2, 3*g - 13 = 3*n - d. Suppose -p - 4*p - 3*w + 1099 = 0, -g*p + w = -1107. Is p a prime number?
False
Let a(y) = y**3 + 5*y**2 + 6*y + 7. Let x be a(-4). Is (18 + -11)/(x/(-853)) a prime number?
False
Let t(p) = -p**3 - 5*p**2 - 12*p - 8. Let s be t(-4). Is -1*((-17164)/16 - 6/s) a prime number?
False
Suppose -5*r + r = 4*j - 44, -5*j + 4*r + 55 = 0. Suppose 10645 - 1416 = j*p. Is p composite?
False
Let r(g) = 1086*g + 20. Let h be r(8). Suppose 9*f = h + 35725. Is f a prime number?
True
Let q = 9445 - 3672. Is q a composite number?
True
Suppose 5*b - 97262 = -4*p, 2*p - 21*b - 48616 = -16*b. Is p a composite number?
True
Suppose 4*n = 3*j - 281115, -j - n + 90353 = -3345. Is j prime?
True
Suppose -2322174 = -5*d + q - 393744, -d + 2*q + 385695 = 0. Is d prime?
False
Let y(d) = d + 9. Let r be y(-8). Let j be (r - 4/4) + 3. Suppose -j*s = -5*c - s + 2907, 0 = -4*c + 5*s + 2329. Is c prime?
False
Let j = -64773 + 109680. Is j a prime number?
False
Let a = -10319 + 15143. Suppose 2*n = 2, 4*o + 4*n = 10808 + a. Is o a prime number?
True
Is 44 + (-9200)/207 - 2/(36/(-3014594)) a composite number?
True
Let m(p) = 12039*p**2 - 24*p + 231. Is m(6) prime?
False
Let u(h) = -2*h**3 - 9*h**2 - 41*h - 13. Let t(s) = -3*s**3 - 8*s**2 - 43*s - 14. Let k(m) = -4*t(m) + 5*u(m). Is k(16) composite?
False
Let d = 5556 + 5499. Suppose -v - 3*j + 1463 + 2214 = 0, 3*j + d = 3*v. Is v a composite number?
True
Let j = 6742 + -4513. Is j a composite number?
True
Let o(d) = d**3 + 3*d - 2. Let h be o(1). Is ((-3)/h)/((-42)/482860) a composite number?
True
Let x(p) = 168*p**3 + 5*p**2 - 2*p - 2. Let l be x(3). Suppose 0 = -2*i + 16 - 8. Suppose -7293 = -3*s + i*y, -y = -2*s + 294 + l. Is s composite?
True
Let u be 64 + -61 + 0/((-4)/2). Is u - -1 - -171*(-265)/(-5) a composite number?
False
Let i(w) = 14212*w + 241. Is i(19) a composite number?
False
Let x(j) = -19946*j - 1531. Is x(-39) prime?
False
Suppose p = -3*g - 169, -7*g + 157 = -10*g + 2*p. Is (17496/(-10))/(-3) - (-11)/g prime?
False
Let s(o) = o**2 + 9*o + 15. Let v be s(-2). Is v/((2/9932)/((-9)/(-18))) prime?
False
Let i(o) = 34763*o + 50. Is i(1) a composite number?
True
Let v(h) = -30340*h - 161. Is v(-1) prime?
False
Let h = -38 - -43. Let f = -180 + h. Is (f + -5 + 1)*-5 composite?
True
Let u = 78 - 82. Let d be (-5 + u)*(-2)/2. Suppose -w = d*w - 19090. Is w a composite number?
True
Is (29/(-29))/(4/(-257932)) composite?
False
Is (4/(-14))/(6/(-128907)) - 1256/(-2198) a composite number?
True
Let v be (8 - (-17 - 0))*1*7. Let i = 30 + v. Is i a prime number?
False
Suppose 15*o + 3056509 = 47*o + 9*o. Is o a composite number?
True
Suppose -95*h + 48609291 - 12269986 = 0. Is h prime?
True
Let g = -346 - -383. Suppose 0 = -0*x - x + i + 2, -2*x + 4*i + 8 = 0. Let k = x + g. Is k a prime number?
True
Suppose h + 8 = 17. Suppose h*l + 15 = 14*l. Suppose 5*a - 1309 = -4*n, 912 = 2*n + l*a + 255. Is n prime?
False
Let n(b) = -2*b**3 + 6*b**2 + 4. Suppose 4*i + 18 = 10*i. Let g be n(i). Is (1 - (g - 0)) + 781 a composite number?
True
Let p = -332651 + 3301138. Is p composite?
False
Let m(d) = 126*d**2 + 82*d - 121. Is m(-25) a composite number?
False
Suppose 2*y - 11 = 5*s, -5*s = 2*y + 3*y + 25. Let u(a) = -311*a**3 - 10*a - 19. Let t be u(s). Let i = -3987 + t. Is i a composite number?
False
Let r be (4510/15)/(8/12 + 0). Suppose -r - 7264 = -5*i. Is i prime?
True
Suppose 1730 = -y - 4*y. Let i be -5*(-16)/(-100) - 5798/(-10). Let c = i + y. Is c a prime number?
True
Is (704/198)/(2/100461) + 8/(-24) prime?
True
Let i(y) be the first derivative of -y**3/6 + 11*y**2/2 - 9*y + 23. Let r(q) be the first derivative of i(q). Is r(-11) prime?
False
Let a(g) = -51 - 94 + 107 + 18565*g. Is a(1) a composite number?
True
Let m(z) = 2*z**3 + 15*z**2 + 16*z + 14. Suppose 5*u + 34 = 3*r + 10, r - u = 10. Is m(r) prime?
True
Is (14 + 725339/85)/((-8)/(-40)) prime?
True
Suppose -350270 = -90*m + 1375120. Is m a composite number?
True
Let n = -31867 + 65073. Is n prime?
False
Is (-253 - -255)*(-87911)/(-2) composite?
False
Let k(o) = 51*o**2 - 2*o - 5. Let g be k(-3). Suppose 4*w - 4*h - g = 0, 0 = -2*w + 3*h + 2*h + 215. Suppose -j = -w - 67. Is j prime?
False
Let h(b) = -b**3 + 6*b**2 - 8*b + 16. Let k be h(5). Let c be (675 + 1)/(k + 0/(-5)). Suppose 55 - c = -9*p. Is p composite?
True
Let z = 6865 - 4818. Is 6 + (z - 4) - 4 a prime number?
False
Suppose 2*w = 2*o + 1519758, -153738 = 2*w - 3*o - 1673494. Is w prime?
True
Let x = -2507988 - -4033547. Is x a prime number?
False
Suppose 0 = j + u - 6*u + 31, u - 5 = 0. Let o be 632/1 - (-4 - j). Let l = o - 299. Is l composite?
False
Suppose 3*d + 24 = 33. Suppose 42 = -4*m + 3*z, -3*z + 3 = -d. Is (14/4)/(m/(-126)) prime?
False
Let b be 0 + (-2)/7 - (-1456)/(-392). Let w(l) = 751*l**2 + 14*l + 29. Is w(b) prime?
False
Suppose -3*z + 6 + 3 = 0. Suppose -3*f + 0*f = 2*l + 455, -3*f + 4*l = 431. Is 4*(f/(-4) + (5 - z)) a composite number?
False
Suppose 0 = 27*n - 50961 - 48480. Suppose -2*g + n - 93 = -4*b, -3*b = 5*g - 8962. Is g composite?
True
Let k = 385 + -381. Suppose 397 = 4*y - 4*b - 1067, 2*y - 762 = -k*b. Is y a prime number?
False
Let w be (0*(-4)/(-20))/(-1). Suppose w = -7*o + 2*o + 25. Suppose o*m - 251 = 3*m - 3*u, m = u + 128. Is m a prime number?
True
Let n(j) be the third derivative of 13/24*j**4 - 4/15*j**5 + 0 + 0*j + 13/6*j**3 - 1/120*j**6 - 6*j**2. Is n(-21) prime?
False
Is (244/(-1220))/((-1)/1529995) prime?
True
Let b be (-3)/6 + (-18)/(-4). Let s(z) = 97*z**2 - 5*z - 8. Let h be s(-6). Suppose 4*m = -f - f + h, m - b*f - 865 = 0. Is m a prime number?
True
Is ((-20)/(-40))/((-7386755)/1846690 - -4) prime?
True
Let k be (3 + -9)*1 - (6 - 6). Let p(q) = -1773*q - 211. Is p(k) a prime number?
True
Let z = -1234 + 2197. Let l be (-1 - 1)*(z - 5)*-2. Suppose 5*y - 19080 = -3*x + l, 2*y + 4*x = 9162. Is y a composite number?
False
Let i(b) = 219*b**2 + 5*b + 5. Let z(m) = 877*m**2 + 21*m + 21. Let t(r) = -9*i(r) + 2*z(r). Let p be t(-1). Let j = p + 404. Is j a prime number?
False
Is 110 - (14 + -25 + 6) a prime number?
False
Let i(z) = 2*z**2 - 23*z - 23. Let n be i(13). Suppose -3*p - 17 = -s, 2*s + 4*p = -n - 0. Suppose -4*h - s*x + 4942 = 0, -x = -3*h - 0*x + 3699. Is h prime?
False
Let t = -14406 - -23503. Suppose k - 1 = 1, -5*l + 62 = k. Suppose -1729 + t = l*r. Is r a prime number?
False
Let x(j) = 9*j**2 - j + 12. Let a be x(0). Suppose 13*o - a*o = 25391. Is o a prime number?
True
Is ((-1327324)/(-688))/(1/188) a prime number?
False
Let w(g) = 9*g**2 + 6*g - 11. Let u be w(-11). Suppose -9*l = -11*l + u. Suppose 3*p - 100 = l. Is p a prime number?
False
Suppose 48 = 5*l - 52. Is (l/50)/((-2)/(-9155)) composite?
False
Is (-78858)/(-52)*(-5230)/(-45) a prime number?
False
Suppose 185202 = 13*d - 386993. Is d a prime number?
False
Suppose -13*h - 5*k + 1115569 = -7*h, -2*k + 557785 = 3*h. Is h a prime number?
False
Let i = -243569 + 568458. Is i prime?
True
Suppose 15*v + 1920 = 212175. Is v prime?
False
Suppose 0 = s + 82*f - 81*f - 111320, 12 = 4*f. Is s a composite number?
False
Let y = -10092 + 84913. Is y a composite number?
False
Suppose 412 = -w - 4*a, a = 4*w + 4*a + 1674. Let y = w - -1533. Suppose -2*i + y = i. Is i prime?
False
Let b be (1 - 0)*-5*4/(-10). Is 33306/7 - b/((-8)/4) a prime number?
True
Let w = 240 - 237. Suppose -2*z = 2*j - 3030, -5*z + 3*z + 3010 = -w*j. Is z a composite number?
False
Let l(h) = 11*h**2 - 735*h - 195. Is l(-67) a composite number?
False
Let y(r) = 6*r + 38. Let t be y(-11). Let l be (-1 - (-15)/(-12))/((-7)/t). Let b(q) = 17*q**2 + 2*q - 13. Is b(l) a prime number?
False
Let f be (105/20)/(1/(4/3)). Is (3395 - (2 - f)) + 7 composite?
False
Let n(m) be the third derivative of -m**6/5 - m**5/20 + 17*m**4/24 - m**3/6 + 2*m**2 - 19*m. Is n(-5) composite?
True
Let w(y) = 83*y + 305. Let a be w(25). Suppose -7*g = -9471 - a. Is g prime?
True
Is (1682396/28)/(2/4 - 205/574) a composite number?
False
Let p(x) = 5*x**3 + 3*x**2 - 7*x + 3. Let v be p(3). Suppose -v + 12 = -2*k. Let c = k + -40. Is c prime?
False
Let c = -54834 